 = -a**2 - 10*a + 59. Let l be v(-14). What are the prime factors of k(l)?
2, 5
Suppose -5*v = -27 - 8. Let o(p) = -p**3 + 7*p**2 + 9*p + 10. What are the prime factors of o(v)?
73
Let x(r) = -2*r**3 - 14*r**2 + 20*r - 16. What are the prime factors of x(-9)?
2
Let t be ((32/(-40))/(1/5))/2. What are the prime factors of (-8)/((-24)/15) - 6/t?
2
Suppose -17*v = -13*v - 16, w = -2*v + 2254. What are the prime factors of w?
2, 1123
Suppose u = -5*s + 56 + 79, -3*s = -u - 73. Let z = s - 14. List the prime factors of z.
2, 3
Suppose 20 = 5*m - 5*o, -m = 2*m + 5*o + 4. Suppose m*i + i - 24 = 0. What are the prime factors of 13/(-3 + (i - 4))?
13
Suppose 24*i - 90650 = 24718. What are the prime factors of i?
11, 19, 23
Let f(u) = u**2 - 12*u + 13. Let p(a) = 2*a**2 + 2*a - 2. Let t be p(-3). Let m be f(t). What are the prime factors of m/14 - 63/(-2)?
31
Suppose 0 = 65*u + 54294 - 274189. List the prime factors of u.
17, 199
Let p(j) = 0*j**2 - j - j**3 - 4*j - 5*j**2 + j**2. Let g be p(-6). Suppose g = 4*w - w - 4*f, 3*w + 5*f = 75. List the prime factors of w.
2, 3, 5
Suppose 3*n - 12397 = -4027. What are the prime factors of n?
2, 3, 5, 31
Let m(t) = t**2 - 5*t + 12. Let l be m(5). Let n be ((-5)/(-2))/(6/l). Suppose h = -n*f + 101, f = h + 19 - 0. List the prime factors of f.
2, 5
Suppose 0 = 6*l - 7*l. Let x(d) = d**2 - 3*d + 36. Let k be x(l). Let u = k + -15. List the prime factors of u.
3, 7
Suppose 2*y + 3*h + 7 = 0, 0 = -0*y + 2*y + h + 1. List the prime factors of (y - 782/(-3)) + (-10)/15.
3, 29
Let y(n) = n**2 + 28*n + 42. Let d be y(-19). List the prime factors of ((-5)/20)/(d/(-132) - 1).
11
Suppose -g + 3 = -0, -45 = -4*o + g. Suppose -2*s = 4*s - o. List the prime factors of s/12 + 2990/60.
2, 5
Suppose n = 2*n - 3. Let b be -2 - -88 - (-6)/n. Suppose -3*l = l - b. List the prime factors of l.
2, 11
Suppose 3*s - 9 = 3*o, -2*s - 3 = o - 9. What are the prime factors of -2*s/(24/(-28))?
7
Suppose -19271 = -14*r + 7*r. What are the prime factors of r?
2753
Suppose 5*b = 4*p - 46, 4*p + 44 = -3*b - b. Let m(z) = z + 10. Let r be m(b). Suppose -2*q + 10 = r, -i + q + 0 = -8. List the prime factors of i.
13
Let f be 10/4*2 - 3. Suppose -10 + f = -2*o. Suppose -o*m = m - 130. What are the prime factors of m?
2, 13
Let f(g) = 23*g + 23. What are the prime factors of f(14)?
3, 5, 23
Suppose -4*t = -3*m + 246, -3*t + m + 3*m - 181 = 0. Let y = -95 - t. Let b = y - -38. List the prime factors of b.
2, 3
Suppose -m = g - 104, 3*g + 58 = -m + 378. Suppose 2*x - x - 118 = 2*w, x + 3*w - g = 0. What are the prime factors of x?
2, 3, 19
Suppose o = 4*o - 4914. What are the prime factors of o?
2, 3, 7, 13
Let a = 195 - -337. What are the prime factors of a?
2, 7, 19
Let x be (-4)/5*70/(-28). Suppose x = 2*l - 4. Suppose 3*h = -l, 4 = 3*k + 3*h + 1. What are the prime factors of k?
2
Let d(v) = -3*v + 12. Let y be d(4). Suppose x = -y*x + 54. List the prime factors of x.
2, 3
Suppose 4748 = 4*z - 5*r, -71*r = -74*r + 12. What are the prime factors of z?
2, 149
Let q(c) = c**2 - 10*c + 75. List the prime factors of q(8).
59
Suppose 3887 = j - 348. What are the prime factors of j?
5, 7, 11
Suppose 4*s - 5 - 55 = v, -2*s + 5*v + 12 = 0. Suppose 9*u = s*u - 329. List the prime factors of u.
47
Suppose 0*z = -z + 2, -5*x = 2*z + 111. Suppose -5*a + 7 = 3*i, -5*a = -4*i - 14 - 0. Let y = a - x. What are the prime factors of y?
5
Let t = 5 - -14. Let o = 24 - t. Suppose -5*u - 95 = -0*x - o*x, 5*u = 3*x - 61. List the prime factors of x.
17
Suppose 2*c - 6 = -4. Suppose 0 = x + c - 125. Suppose 3*a + 0*a = 0, 2*y - x = -4*a. List the prime factors of y.
2, 31
Let f(o) = -o**2 + 4*o - 4. Let a(c) = -c. Let n(t) = -4*a(t) - f(t). What are the prime factors of n(6)?
2, 5
Let q(c) = -c**2 + 17*c - 25. Let h be q(9). Let k = 241 - h. List the prime factors of k.
2, 97
Let f(n) = n**3 + 24*n**2 - 35*n + 67. What are the prime factors of f(-17)?
3, 5, 179
Let o(a) = 3*a**2 - 16*a - 6. Let q be o(7). Let s be q*(3 - 0/(-4)). Let f = 132 - s. What are the prime factors of f?
3, 5
Suppose -5*u + 7*u - 120 = 0. List the prime factors of 20/u + ((-688)/6)/(-1).
5, 23
Let t(v) = v**3 - 7*v**2 + 9. Let d be t(7). Suppose 0 = -m - 0*m + d. List the prime factors of m + 2 + -2 + -1.
2
Suppose 0 = -3*t, 3*t + 36 = 4*o - 0*t. Let z = 1 + o. What are the prime factors of z*(0 - (-3)/6)?
5
Let y = -32 - -35. Suppose -y*q + 63 = -117. Suppose 2*o + 57 = v, v + 0*o = o + q. What are the prime factors of v?
3, 7
Suppose -4*k + 9 = 2*g - 5, g = 4*k - 5. Suppose g*f = -f + 12. Suppose 2*d - d = z - 46, d + f = 0. List the prime factors of z.
43
Let a = 1954 - 1170. What are the prime factors of a?
2, 7
Suppose -57 = 2*k - 379. List the prime factors of k.
7, 23
Suppose -76*s - 63187 + 309807 = 0. List the prime factors of s.
5, 11, 59
Let a(h) = -h**3 + 7*h**2 + 4. Let w be a(7). Let v(n) = 9*n - 4. List the prime factors of v(w).
2
Let l(j) = 15*j + 3. Let a be (-4)/(-2) + (3 - -1). Let w(p) = p**3 - 6*p**2 + 2. Let q be w(a). List the prime factors of l(q).
3, 11
Let u = 13 + -31. Let c = u + 20. Suppose 6 = c*g - 10. What are the prime factors of g?
2
Let a = 4 + -1. Let m be (2 - a) + -54*1. Let d = m - -94. List the prime factors of d.
3, 13
List the prime factors of -1 - (-1 + 2 - (3 + 1837)).
2, 919
Let a be (8/(-10))/(-3*4/60). Suppose 150 = w + 5*u + 52, -a*w = u - 354. What are the prime factors of w?
2, 11
Suppose -4*q + 10 - 47 = -5*r, -2*r + 19 = -3*q. List the prime factors of 73 + (q - -7 - 6).
71
Suppose -3*a + 3*v = -51, a - 3*v = -4*a + 91. What are the prime factors of 3/4 - (-1225)/a?
2, 31
Suppose -31*f - 27288 = -49*f. What are the prime factors of f?
2, 379
Let o(x) = -69*x + 88. List the prime factors of o(-4).
2, 7, 13
Let b(w) be the first derivative of w**3 - w**2/2 - 11*w - 22. What are the prime factors of b(7)?
3, 43
Let u(g) be the second derivative of 91*g**3/6 + 3*g**2/2 - 19*g. List the prime factors of u(1).
2, 47
Suppose 1187 + 261 = 2*v. List the prime factors of v.
2, 181
Suppose -2*q + t = -1319, 5*t = -0*q + q - 682. What are the prime factors of q?
3, 73
Suppose 5*n - 22 = -y, n + 5 + 39 = 2*y. Let t(q) = q**3 - 22*q**2 + 5*q - 11. What are the prime factors of t(y)?
3, 11
Let o(p) = 22*p**2 + 16*p - 4. List the prime factors of o(6).
2, 13, 17
Let n(a) = a**3 - 5*a**2 - 4*a - 8. Let i be (-2 - -13) + (0 - 1) + -3. What are the prime factors of n(i)?
2, 31
Suppose 0 = -2*w - 3*u + 14, 0 = -5*w - u + 6*u + 10. Suppose -w*r + 2*r = 4*o - 28, -3*r - 2*o = -22. Suppose 2*n - r = 78. List the prime factors of n.
41
Let l be 28 + (1 + -2)*2. Let o = -21 + l. Suppose 0*v + o*v = 45. What are the prime factors of v?
3
Let z(s) = s**3 + 10*s**2 - 2. Let h = -18 + 8. Let p be z(h). Let g = p + 7. What are the prime factors of g?
5
Suppose -4*n + 0*n + 680 = 4*a, 186 = n - 3*a. Suppose -16 - n = -2*f. What are the prime factors of f?
5, 19
Suppose -3*q - 33 + 843 = 0. Suppose 6*f = f + q. Suppose 0*n - f = -n. What are the prime factors of n?
2, 3
Suppose f - 93 = p, -5*p + 20 = -p. Let x be (240/10)/(2*1). Suppose 0 = -5*w + 32 - x, 0 = -3*t - 2*w + f. List the prime factors of t.
2, 3, 5
Let t be 42/5*(-35)/(-21). Suppose -t*b + 484 = -3856. List the prime factors of b.
2, 5, 31
Let p = -5 + 9. Suppose 2*a - 6 = p*b, -4*b - 5 = 2*a + 5. What are the prime factors of ((-48)/40)/(b/5)?
3
Suppose 12*k - 6*k - 18 = 0. Suppose 0 = k*r + 2*v - 487, 0 = -3*r + 3*v - 0*v + 507. List the prime factors of r.
3, 5, 11
Let k = 1378 - 652. What are the prime factors of k?
2, 3, 11
What are the prime factors of 3475/200 - 5/(120/9)?
17
Let i(z) = -z**3 - 3*z**2 + 2*z + 3. Let l be i(-3). Let s(a) = -19*a - 3. Let d be s(l). Let w = d - 36. What are the prime factors of w?
2, 3
Let c = 1014 - -1724. List the prime factors of c.
2, 37
Let i(k) = -7*k - 6. Let h(f) = f + 1. Let l(g) = 24*h(g) + 3*i(g). What are the prime factors of l(6)?
2, 3
Let q = -16 + 30. Let v(x) = 2*x - 10. Let r be v(q). Suppose -r = -n - 2. What are the prime factors of n?
2
Let x = 7 + -7. Let i = -2 + 4. Suppose x = -i*q + 10. What are the prime factors of q?
5
Suppose s + 5*u = 6*u + 2, 5*s - 45 = -2*u. Let q(p) = p**3 - 2*p**2 - 13*p - 4. What are the prime factors of q(s)?
2, 3, 